15
Evaluate -1 + (0 - -11) - (29 + 20 + -46).
7
Evaluate (0 + 4 - (-33 + 34)) + 2 - -4.
9
Calculate 22 - (14 - (4 - 1)).
11
Evaluate 13 - ((0 - (-8 + 0)) + -138 + 134).
9
What is -5 + (-1 - (-19 + 11)) + -6 + 0?
-4
What is the value of (1 - (5 + 0)) + 13 + (-7 - -9)?
11
What is -64 + 39 + (14 - 2)?
-13
Evaluate (8 - 12) + 5 + 1 + 18.
20
What is the value of (-4 - -6) + 4 + -25 + (13 - 6)?
-12
What is (7 - (-18 + 19)) + -6?
0
What is the value of (1 - -15) + -47 - -14 - -3?
-14
Evaluate 55 + (-73 - -23 - -20).
25
2 + (-30 - -17) + 1 + 0 + 1
-9
(0 - (-37 - -4)) + -27
6
What is -2 + -7 - (-6 - -11 - 14)?
0
Evaluate 3 - 1 - (-44 - -44).
2
(1 - -48) + 1007 + -1037
19
What is -31 - (-1 + -14 - 49)?
33
-2 + 4 - (-7 - (0 + -14))
-5
Calculate -4 + -5 + 18 + -5.
4
Evaluate (8 - 10) + 8 - 9.
-3
What is the value of 5 + (-16 - (-6 + 12))?
-17
What is the value of -17 - (32 - 42) - -36?
29
Evaluate 2 - (12 - (0 - (9 - 9))).
-10
What is (-11 - -37) + -19 + 1 + 2 + -1?
9
Evaluate -19 + 31 + -20 + 21.
13
What is 4 + -13 + 17 + -3 + (13 - 2)?
16
What is the value of -19 - -25 - (-6 + 12 + 0 + 0)?
0
Evaluate -29 + 21 + (-24 - (6 + -15)).
-23
Calculate -18 - 0 - (-5 + -2 + 3).
-14
6 - ((-15 - -10) + (4 - (-32 + 2)))
-23
Calculate -19 + (2 - (3 - 6)) + -8 + 11.
-11
What is -72 - -66 - (-17 + 2 + 0)?
9
(-4 - -10) + (0 - -5) + -15 - 22
-26
Calculate 8 + (1 - 3 - -6) + -12 - 15.
-15
What is the value of -8 + -12 + 40 - 4?
16
Evaluate (-2 - 7) + -2 + 19 + 15 + 0.
23
Evaluate -6 - (15 + 9 + -32) - (2 + 18).
-18
(25 - (-5 + 10)) + (-12 + 12 - -3)
23
Evaluate -28 + 22 - (-13 - 2) - (3 - -5).
1
Evaluate 19 - ((20 - 24) + 42).
-19
What is the value of -4 + (3 - (3 - -3) - -10) + -6?
-3
10 + (-10 + 14 - (1 + (-1 - -1)))
13
(-41 - (-11 + 0) - -16) + 16
2
Calculate (14 - (-30 + 68)) + 64.
40
Evaluate 18 + (-9 - 11 - -16).
14
(2 - (-11 + -1 + 13)) + 4
5
What is the value of (26 - (29 + 23)) + 8?
-18
Calculate -1 + -1 - (-947 - -973).
-28
What is -23 + (55 - (-36 - -61))?
7
What is the value of 3 - -6 - (14 - 3 - 13)?
11
Evaluate -21 + 0 - (-62 + 83 + -34).
-8
Calculate 19 + (6 + -13 - (-2 + 1)).
13
What is (-55 - -61) + (3 - 25 - -3)?
-13
Evaluate (9 - 23) + 14 - (-1 - (7 + 1)).
9
Calculate (-41 - -21) + 20 + -22.
-22
101 + -111 + 8 + (1 - -1)
0
Calculate -9 + (-1 - 2 - -1) + (1 - 2).
-12
What is -3 - (-6 + (37 - 20))?
-14
Calculate -11 + -6 + 15 + -1 + 10 - -4.
11
What is the value of -7 + (98 + -102 - (0 - 10) - 3)?
-4
-21 - (-47 + 48 + -17)
-5
What is (6 - 5 - -7) + -7 + 10?
11
Evaluate -4 - (-8 + (1 - 6) + 14 - -5).
-10
What is 20 + -33 + -4 + 2 + -5 + 8?
-12
4 + (-2 + 1 - (-15 - -17)) + -5
-4
What is the value of -4 - (-9 + -10 - -2)?
13
Evaluate (-6 - -11 - 9 - -4 - 17) + 2.
-15
50 + -17 + 8 + -19
22
Evaluate -1 - 11 - ((-4 - 24) + 35).
-19
13 + 1 + -24 - -23
13
Calculate 0 + 7 - (3 - (-5 - -5 - 1)).
3
Evaluate -21 - (6 - 4 - -9) - (-7 + 0).
-25
0 + -7 + (-30 - -34) + (18 - 1)
14
9 - -4 - ((-2 - -6) + 5)
4
What is 17 - (1 + 12) - (-7 + 6 + -7)?
12
What is 8 + (9 - 12 - 9) + -5 + -8?
-17
(8 + -8 - 10) + 4 + -8 + 2
-12
What is the value of (-3 + 3 + -5 - (-6 - 3)) + -12?
-8
Evaluate (-4 + -2 + 0 + 4 - -3) + -13.
-12
What is the value of (-72 + -15 - -86) + -1 + (-16 - -1)?
-17
What is -1 + 5 + (7 - 12) + (28 - 10)?
17
Evaluate (-6 - 1) + (30 - 19) + -3 + 13.
14
Evaluate (-15 + 33 - 9) + 1 + -6 - 2.
2
What is the value of -6 + (-3 - (-3 - (-8 + 7)))?
-7
Evaluate 2 + (3 - 1) + (-26 - -13).
-9
Calculate 30 + -28 - -32 - 19.
15
Calculate 8 + (-1 - 2) + -29 + 6.
-18
What is 13 - 0 - 2 - (-6 + -27 + 42)?
2
Calculate 6 + (-7 + 8 - 16) + -7.
-16
What is the value of -3 + -4 + (5 - 0) - -14?
12
Calculate 32 - 25 - (-20 + 11).
16
Calculate 1 + 2 + -1 + 2 + -9 + 1.
-4
10 + (14 - (-2 + 6) - 23)
-3
-24 + 21 - (-1 + -3) - 3
-2
What is (10 - 9 - -6) + -19?
-12
What is 2 - 1 - ((76 - -30) + -66)?
-39
11 + -13 + -25 + 11
-16
Calculate 4 + -34 + 28 + (5 - (-6 + 4)).
5
2 + (-1 - ((-10 - (2 + -5)) + -8))
16
Evaluate -2 - (-6 + 4 - (-3 - (2 - -3))).
-8
Evaluate 3 - (-2 - (-9 - -2)) - (-12 + 6).
4
Calculate (-11 - 4 - -2) + 14.
1
Evaluate (27 - -5) + (-7 - 14).
11
What is 0 - (0 + 0) - (-1258 + 1247)?
11
What is 10 + (-19 - -9) + 5?
5
What is the value of 8 - ((1 - 5 - 0) + 197 + -187)?
2
What is the value of (-14 - (-14 - 11 - -8)) + 17 + -1?
19
What is the value of 76 + -73 + -2 + (4 + -4 - 1)?
0
0 - 1 - (-60 + 111 - 71)
19
What is (0 + (26 + -8 - 9) - -15) + 0?
24
Calculate (-23 - -24) + (-13 - (-3 - -4)).
-13
Calculate 169 + -177 + 10 + 2 + -23 + -3.
-22
Calculate 4 + 7 + (-25 - 16) + 19.
-11
Calculate (-23 - -9 - -8) + -11 + (1 - -2).
-14
Evaluate 20 - (-21 + 50 - 14).
5
(1 - (-43 + 30)) + 2 + -43
-27
What is (108 - 66) + -2 + -10?
30
Evaluate 12 + 27 + -65 - (1 - (0 - 4)).
-31
Evaluate 18 + -33 + 6 - (-36 + 2 - 1).
26
What is the value of -26 - (-12 - 4) - -6?
-4
What is the value of 11 + -22 + (1 - -1 - -2)?
-7
Calculate (4 - -7) + 10 + -12.
9
Evaluate (48 - 1 - 68) + 0.
-21
-26 + -4 + (-17 + 26 - -2)
-19
What is the value of 7 - -1 - 3 - (0 + 4)?
1
Calculate -10 - (11 + -5 - 7).
-9
Calculate -23 + 14 + 54 + -30.
15
Evaluate 1 + 13 + -46 + (14 - 6).
-24
What is -13 - -21 - 12 - (-3 + 2)?
-3
Evaluate 11 + (99 - 118 - (0 - 2)).
-6
Evaluate 5 - (116 - 123 - (-5 - 0)).
7
Evaluate -12 + -27 + (-4 - -23).
-20
What is the value of 25 + (9 - 38) + 4?
0
Evaluate -79 + 81 - (-3 - (-11 + 3 + 3)).
0
What is -23 - (-21 + 3 + 21 - (9 - 1))?
-18
-5 + 14 + -1 - (11 - -1)
-4
Evaluate 757 + -727 - (12 - -2 - 0).
16
Evaluate -28 - -36 - -8 - -15.
31
What is 28 + (29 - 67) - (-2 + 9)?
-17
What is the value of -1 + 0 + (-19 - (-63 - -16) - -13)?
40
What is the value of -6 + -6 + 10 - (-2 + 14)?
-14
-10 - (16 + (7 - 37)) - (-2 + -13)
19
What is the value of (3 + 19 - 33) + -3 + 0 + 5?
-9
What is the value of -6 + 0 + (-1 - 0) + 4 + -7?
-10
Calculate 7 - (34 + (-5 - 7)) - 7.
-22
What is 2 + -7 + 5 + 1 + -9 + 16?
8
-6 + (26 - 11) - (-1 - 20)
30
Calculate -8 - -2 - (-29 - -24).
-1
What is 9 - -2 - (-143 - -127)?
27
-8 + (6 - 3) + -11 - 3
-19
Evaluate 5 - (-2 - (-10 - -6) - -4) - -2.
1
What is 3 - (3 + (5 - 0) + 7)?
-12
Calculate -10 - (4 + (9 - (12 - 1))).
-12
Calculate (-9 - -22) + (-8 + 2 - 4).
3
Evaluate 37 + (-29 - -17) + -6 + 2.
21
Calculate -4 - (5 + (-43 - -19 - (-2 + -2))).
11
What is the value of (184 - 87) + -96 + (1 + -2 - 5)?
-5
What is the value of -39 + 17 + (81 - 30)?
29
-3 + 5 + (7 - 9) + -5
-5
What is the value of 10 - 1 - (24 + 2 - (-404 + 418))?
-3
What is the value of 14 + -4 - (-6 - -4)?
12
Calculate (68 - 68) + 4 + (2 - 14).
-8
What is the value of -5 - 1 - (1 + (-6 - 1) - 14)?
14
What is the value of 0 + 0 - (-29 - (-22 - 4))?
3
Evaluate -8 + 2 - (-86 - -72).
8
(-4 - 1) + -40 + 53 - (2 - 6)
12
Calculate 9 + -10 + 11 - 5.
5
Calculate -2 + 8 - ((0 + 0 - -3) + 2).
1
Calculate 1413 + -1385 + -54 + 1.
-25
-514 + 488 + 5 + 1
-20
What is the value of -4 + 5 + (-9 - (-6 + 7)) + -18?
-27
(0 - (0 - -17)) + 27 + -17
-7
Evaluate 31 + 8 + -12 + -17 + 8.
18
What is the value of 20 - 53 - (-15 - (2 - 6))?
-22
33 + -38 + (2 - (4 - 1)) - -18
12
-7 + 20 - (-14 - -22)
5
What is the value of (61 - 65) + (-3 - 10) + -19?
-36
What is 45 + -42 + (-6 + 2 - (3 - 3))?
-1
Calculate -11 - (0 - (-6 - -1) - 9 - 0).
-7
(-2 - 6) + -137 + 162
17
9 + (-5 - 1) + -14 - -9
-2
What is (16 + -10 - 10) + (15 - 3)?
8
Evaluate -3 + 2 - 0 - (13 + -14).
0
What is the value of (-7 - (-3 - -12)) + (-12 - (-2 - 4))?
-22
What is the value of -264 + 252 - (-15 + (-1 - 2))?
6
What is 12 + (-42 - -13) + 33?
16
What is -13 - ((-8 - (1 - 22)) + -21)?
-5
Calculate (-5 - 11) + 30 + -21.
-7
-12 - ((10 + 5 + -7 - 7) + 3)
-16
-8 + -5 + (38 - -7 - (6 - -1))
25
Calculate 23 + -12 - (11 + -1) - 11.
-10
What is the value of -6 + -1 + (-7 - (6 + -7)) + 1?
-12
6 + -1 + (660 - 659 - (-1 + 0))
7
What is (23 - (-16 + 13)) + -16?
10
What is (-11 - (-11 - -8)) + 11?
3
What is the value of -22 + 16 + 12 - ((-7 - -2) + 3)?
8
What is 21 - (8 + (2 - -3) - 4)?
12
Calculate -64 - -18 - -10 - -30.
-6
Evaluate 12 - (-7 + 6 + 1).
12
Calculate -6 - (-13 + 14 + -15).
8
Evaluate 113 - 123 - (1 + -1 + -6) - 5.
-9
(-8 - -17) + -19 - -5
-5
What is the value of -19 - ((6 - -1) + -13 + -2)?
-11
What is the value of -42 + 56 - (32 + -4 - -1)?
-15
Calculate (-21 - -8) +